2
Let w = -193 + 447. Let r = w - 164. What is the greatest common factor of r and 10?
10
Let o = 6 + -4. Let t be 3/9 - ((-220)/33 + 0). What is the greatest common divisor of t and o?
1
Suppose 52*b - 23 - 29 = 0. Suppose 0 = -3*s + 5*v + 223, -v = -3 - b. Suppose 30 = 3*d - 24. Calculate the greatest common divisor of s and d.
9
Let u = -58 - -266. Let y = 2806 - 2790. Calculate the highest common divisor of y and u.
16
Suppose 21 = 4*g + 1, -z + 4*g = -31. Let v = z - 6. Suppose 0*b - 4*l - 68 = -2*b, -4*l + 22 = b. Calculate the greatest common divisor of b and v.
15
Let h = -731 + 372. Let z be 24/(-6 + 10) - h. Calculate the highest common factor of z and 146.
73
Let t(c) = -223*c - 2414. Let o be t(-14). Calculate the highest common factor of 295 and o.
59
Let r(g) = -2*g**3 + 56*g**2 + 46*g + 368. Let w be r(29). What is the greatest common divisor of w and 190?
10
Let i(c) = -247*c - 237. Let d be i(-1). What is the greatest common factor of d and 13070?
10
Let i = -6075 - -6297. Calculate the highest common factor of i and 8103.
111
Let v be ((-70720)/(-325))/(3/30). What is the highest common factor of v and 204?
68
Let m = -754 + 763. Let l(a) = 80*a**2 + a. Let f be l(1). Calculate the highest common factor of f and m.
9
Let g = 5337 + -4167. What is the highest common divisor of g and 36?
18
Let u(n) = -342*n. Let z be u(-1). Let l = z + -261. Calculate the greatest common divisor of 9 and l.
9
Let m be 12/(-48) + (-74)/(-8). Let y be 196/m + -2 - (-8)/36. What is the greatest common divisor of y and 30?
10
Let f be (-4)/(1/156*-13). Suppose 2*w - 64 = 80. Calculate the highest common divisor of f and w.
24
Suppose 21 = 5*l - 3*m, -3*m + m + 2 = 2*l. Suppose -l*n + 2160 = 6*n. Suppose 5*c - n = -60. What is the highest common divisor of c and 72?
36
Let l be (-7 - (-480)/2)/1. Let k = l + -179. Calculate the greatest common divisor of k and 486.
54
Suppose -5*x = -i + 23, -2*i + 3 = -2*x - 27. Let f = i - -2. Suppose 13*k = f*k - 448. What is the greatest common factor of k and 14?
14
Let i(n) = n**2 + 6*n + 6. Let r be i(-8). Let z be (((-15)/12)/5)/1*-4. Let l be (z/1)/((-6)/(-12)). Calculate the highest common factor of l and r.
2
Let m = 7 + -4. Let c(x) = 16*x + 2. Let w be c(m). Let n(y) = -7*y**2 + 76*y - 79. Let z be n(6). What is the greatest common divisor of z and w?
25
Let o = 96 - 56. Let t(u) = -u**2 - 46*u + 286. Let z be t(-48). What is the highest common divisor of z and o?
10
Suppose 5*q - 3*m + 846 = 2856, 0 = 5*q + 4*m - 2045. What is the highest common factor of 1755 and q?
135
Suppose 5*w = -2*b - 0*b - 88, 3*w = -5*b - 68. Let n be (-1)/2 + (-2696)/w. What is the greatest common divisor of n and 112?
56
Suppose 4*t + 5*z - 12 = 0, t + 1 - 4 = 4*z. Suppose 115*q - 1082 + 1063 = 2741. What is the highest common factor of q and t?
3
Let o be (356 - 1) + 0 - -2. Let h = 37875 + -37841. What is the highest common factor of h and o?
17
Let s = -3687 - -3735. Calculate the highest common divisor of s and 132.
12
Suppose -5*z - 2*m = -4880 + 358, 1774 = 2*z - 5*m. Calculate the greatest common factor of z and 492.
82
Let s(n) = n**3 + 2*n**2 - 1. Let c be s(-1). Suppose c = -y - 4*y + 210. Suppose 7*m + 748 = 1042. What is the highest common divisor of m and y?
42
Suppose 272306 - 43386 = 150*b - 19030. What is the highest common divisor of b and 399?
57
Let p = -403 - -420. Suppose -12*z + 881 - p = 0. What is the highest common divisor of z and 16?
8
Let g = -136 - -305. Let l = -124 + g. What is the highest common divisor of l and 72?
9
Let y = -777 - -803. Let p = -5 + y. Calculate the highest common divisor of 217 and p.
7
Let b = -58702 + 58715. Let s(u) = 3*u**2 - u - 5. Let v be s(4). Calculate the highest common factor of b and v.
13
Let u(r) = 294*r - 2020. Let n be u(15). Calculate the greatest common factor of 10 and n.
10
Let q(z) = 7*z**3 + z**2. Let x be q(1). Let g = 146 - 103. Suppose 2*k - 29 = -a, -g = -4*k + 5*a - 4*a. What is the highest common divisor of x and k?
4
Let d = 6679 + -6811. Suppose 292 = 2*y - 2*o, 2*o + 2*o = -y + 131. Let w = d + y. Calculate the highest common divisor of w and 22.
11
Let d = 20 - -8. Suppose -8*l = -86*l + 34944. What is the highest common factor of d and l?
28
Let o be ((-861)/28)/(6/(-8)). Suppose -5*n + v + 4*v = -430, -3*v = -5*n + 422. Calculate the greatest common divisor of o and n.
41
Suppose -3*w = 2*t - 8334, -31*t + 34*t - 12450 = 4*w. Calculate the highest common factor of t and 132.
66
Suppose 60*j = 55*j - 250. Let s = 70 - j. Calculate the highest common divisor of 15 and s.
15
Let p = -21973 + 22449. Calculate the highest common factor of p and 4216.
68
Let h(m) = -m**2 - 3*m + 11. Let l be h(-5). Let g be (18/24)/(l/(-8)). Let u be (2 + 9/g)*54. What is the greatest common divisor of u and 18?
9
Let j = -5131 + 5157. Calculate the highest common factor of 1157 and j.
13
Suppose -6*h + 3*h + 4*c = -580, c + 961 = 5*h. Let g = h - 169. What is the greatest common factor of 1 and g?
1
Suppose 2*d - 2*a = -6*a + 286, -9*d + 1327 = -2*a. What is the greatest common divisor of 609 and d?
21
Let c(a) = 2*a - 24. Let i(g) = -3*g + 46. Let h(p) = 11*c(p) + 6*i(p). Let w be h(12). What is the greatest common factor of w and 12?
12
Let w(c) = c**2 - 19*c + 4. Let x be w(19). Suppose -6*g - 374 = -9*g - 4*b, x*g = 5*b + 509. What is the greatest common divisor of g and 336?
42
Let q(v) = -216*v + 6 + 2 + 217*v. Let g be q(-4). Suppose 3*z - 4 = 5*y, g*z - 3 - 5 = 4*y. What is the greatest common divisor of 2 and y?
1
Let b(x) = 62*x**2 - 261*x + 8. Let a be b(7). What is the highest common divisor of a and 46?
23
Let u(s) = -s**3 - s**2 + s - 9. Let i be u(-3). Let a be (-10)/3*i*-1. Suppose -a = -g - 0. What is the greatest common factor of g and 50?
10
Let x be 1/(2 - 285/144). Let p = x + -27. Let g be (-14)/(-3) + 235/(-141). What is the greatest common divisor of p and g?
3
Suppose 3*o + 57 - 253 = -o. What is the highest common divisor of o and 17101?
49
Let f(l) = -l + 3. Let v be f(7). Let i be (0 - (-116)/7) + v/7. What is the greatest common factor of 80 and i?
16
Let x be (-2107)/((-1 - (-10 + 8))/(2/(-2))). Calculate the highest common factor of x and 129.
43
Let w(u) = 314*u**2 + 66*u + 267. Let a be w(-4). What is the highest common divisor of 11 and a?
11
Let a be 713/217 + (-6)/21 - (-23 + 4). What is the highest common divisor of 3003 and a?
11
Suppose -q = -9 + 2. Suppose -r + 6 = -q. Suppose 5*h = -25, -3*d - 1206*h + 1202*h = -58. What is the greatest common divisor of d and r?
13
Let y be (9/5)/(43/(3937080/72)). Calculate the highest common divisor of 504 and y.
21
Suppose -36*c - 2*c = -15352. Suppose -408*x = -c*x - 4. Calculate the highest common factor of x and 4.
1
Suppose 2*t - 9*t - h + 5395 = 0, 1515 = 2*t - 5*h. Calculate the highest common divisor of 140 and t.
70
Let i be -1 + 5 - 1 - 18/(-2). Let n = 5 - 1. Suppose 6*k - 60 = n*k. Calculate the greatest common factor of k and i.
6
Suppose -10191 = -9*c - 2*p, 61*p - 1124 = -c + 58*p. Calculate the greatest common factor of 721 and c.
103
Let m(d) = -1648*d - 6609. Let g be m(-8). Calculate the highest common divisor of 25 and g.
25
Suppose 5*v = -15, -v = o - 3*v - 1222. Suppose -o - 3264 = -16*s. What is the highest common divisor of 28 and s?
28
Let c be 0 + (-15)/(-45) + 238/6. Suppose -4*r + 12 = -r, -3 = 3*w + 3*r. Let f = w - -13. Calculate the greatest common divisor of f and c.
8
Suppose 0 = a - 3*v - 55, a - 3*a + 5*v + 112 = 0. Suppose -a*d + 2496 = -55*d. What is the highest common divisor of 32 and d?
32
Suppose 3*u = -2*u + 50. Let m be (-1)/(1*(-1)/(-7)). Let i = m - -87. Calculate the greatest common divisor of i and u.
10
Let u be (1 + (-118)/(-6))*24. Let y = 133286 + -133270. What is the greatest common factor of y and u?
16
Let z = -10892 + 10932. Calculate the greatest common factor of 1220 and z.
20
Let h = 152 + -62. Suppose 0 = 4*w - 5*t - 62, -w + 4*t - 44 = -3*w. Calculate the greatest common divisor of h and w.
18
Let y be 2/13 - (33774/(-169) - -2 - 8). Calculate the greatest common divisor of y and 2.
2
Suppose 3*i = 5*q - 126 - 6, -4*i = -24. Let n = 85 + -79. Calculate the greatest common factor of q and n.
6
Let z(w) = w**2 - 4*w - 55. 